Dec 03 09:20:30.379 INFO testing google-cloudshell1-1.0.8+20181011 against master#8940af3cea4a9a9deabcaf843b2f8cad9a83fc61 for beta-1.31-5
Dec 03 09:20:30.379 INFO running `"docker" "create" "-v" "/mnt/big/crater/work/local/target-dirs/beta-1.31-5/worker-6/master#8940af3cea4a9a9deabcaf843b2f8cad9a83fc61:/target:rw,Z" "-v" "/mnt/big/crater/work/local/test-source/worker-6/beta-1.31-5/master#8940af3cea4a9a9deabcaf843b2f8cad9a83fc61:/source:ro,Z" "-v" "/mnt/big/crater/work/local/cargo-home:/cargo-home:ro,Z" "-v" "/mnt/big/crater/work/local/rustup-home:/rustup-home:ro,Z" "-e" "USER_ID=1000" "-e" "SOURCE_DIR=/source" "-e" "USER_ID=1000" "-e" "CMD=cargo +8940af3cea4a9a9deabcaf843b2f8cad9a83fc61-alt build --frozen" "-e" "CARGO_TARGET_DIR=/target" "-e" "CARGO_INCREMENTAL=0" "-e" "RUST_BACKTRACE=full" "-e" "RUSTFLAGS=--cap-lints=warn" "-e" "CARGO_HOME=/cargo-home" "-e" "RUSTUP_HOME=/rustup-home" "-m" "1536M" "--network" "none" "crater"`
Dec 03 09:20:30.843 INFO [stdout] 13d768e42e5bc927c28db747a56f8aedc10ba31458c8b73d11a8ad9a8726a44b
Dec 03 09:20:30.845 INFO running `"docker" "start" "-a" "13d768e42e5bc927c28db747a56f8aedc10ba31458c8b73d11a8ad9a8726a44b"`
Dec 03 09:20:33.274 INFO [stderr] usermod: no changes
Dec 03 09:20:33.505 INFO [stderr]    Compiling google-cloudshell1 v1.0.8+20181011 (/source)
Dec 03 09:20:39.087 INFO [stderr]     Finished dev [unoptimized + debuginfo] target(s) in 5.77s
Dec 03 09:20:39.115 INFO [stderr] su: No module specific data is present
Dec 03 09:20:40.223 INFO running `"docker" "inspect" "13d768e42e5bc927c28db747a56f8aedc10ba31458c8b73d11a8ad9a8726a44b"`
Dec 03 09:20:40.539 INFO running `"docker" "rm" "-f" "13d768e42e5bc927c28db747a56f8aedc10ba31458c8b73d11a8ad9a8726a44b"`
Dec 03 09:20:40.835 INFO [stdout] 13d768e42e5bc927c28db747a56f8aedc10ba31458c8b73d11a8ad9a8726a44b
Dec 03 09:20:40.843 INFO running `"docker" "create" "-v" "/mnt/big/crater/work/local/target-dirs/beta-1.31-5/worker-6/master#8940af3cea4a9a9deabcaf843b2f8cad9a83fc61:/target:rw,Z" "-v" "/mnt/big/crater/work/local/test-source/worker-6/beta-1.31-5/master#8940af3cea4a9a9deabcaf843b2f8cad9a83fc61:/source:ro,Z" "-v" "/mnt/big/crater/work/local/cargo-home:/cargo-home:ro,Z" "-v" "/mnt/big/crater/work/local/rustup-home:/rustup-home:ro,Z" "-e" "USER_ID=1000" "-e" "SOURCE_DIR=/source" "-e" "USER_ID=1000" "-e" "CMD=cargo +8940af3cea4a9a9deabcaf843b2f8cad9a83fc61-alt test --frozen --no-run" "-e" "CARGO_TARGET_DIR=/target" "-e" "CARGO_INCREMENTAL=0" "-e" "RUST_BACKTRACE=full" "-e" "RUSTFLAGS=--cap-lints=warn" "-e" "CARGO_HOME=/cargo-home" "-e" "RUSTUP_HOME=/rustup-home" "-m" "1536M" "--network" "none" "crater"`
Dec 03 09:20:41.223 INFO [stdout] a8051cdbb4f0d666cb5f6a372984bb72ca321f1fd9ac1e217d04da7e871c4d69
Dec 03 09:20:41.231 INFO running `"docker" "start" "-a" "a8051cdbb4f0d666cb5f6a372984bb72ca321f1fd9ac1e217d04da7e871c4d69"`
Dec 03 09:20:42.726 INFO [stderr] usermod: no changes
Dec 03 09:20:42.943 INFO [stderr]    Compiling google-cloudshell1 v1.0.8+20181011 (/source)
Dec 03 09:20:48.143 INFO [stderr]     Finished dev [unoptimized + debuginfo] target(s) in 5.38s
Dec 03 09:20:48.154 INFO [stderr] su: No module specific data is present
Dec 03 09:20:49.587 INFO running `"docker" "inspect" "a8051cdbb4f0d666cb5f6a372984bb72ca321f1fd9ac1e217d04da7e871c4d69"`
Dec 03 09:20:49.881 INFO running `"docker" "rm" "-f" "a8051cdbb4f0d666cb5f6a372984bb72ca321f1fd9ac1e217d04da7e871c4d69"`
Dec 03 09:20:50.247 INFO [stdout] a8051cdbb4f0d666cb5f6a372984bb72ca321f1fd9ac1e217d04da7e871c4d69
Dec 03 09:20:50.255 INFO running `"docker" "create" "-v" "/mnt/big/crater/work/local/target-dirs/beta-1.31-5/worker-6/master#8940af3cea4a9a9deabcaf843b2f8cad9a83fc61:/target:rw,Z" "-v" "/mnt/big/crater/work/local/test-source/worker-6/beta-1.31-5/master#8940af3cea4a9a9deabcaf843b2f8cad9a83fc61:/source:ro,Z" "-v" "/mnt/big/crater/work/local/cargo-home:/cargo-home:ro,Z" "-v" "/mnt/big/crater/work/local/rustup-home:/rustup-home:ro,Z" "-e" "USER_ID=1000" "-e" "SOURCE_DIR=/source" "-e" "USER_ID=1000" "-e" "CMD=cargo +8940af3cea4a9a9deabcaf843b2f8cad9a83fc61-alt test --frozen" "-e" "CARGO_TARGET_DIR=/target" "-e" "CARGO_INCREMENTAL=0" "-e" "RUST_BACKTRACE=full" "-e" "RUSTFLAGS=--cap-lints=warn" "-e" "CARGO_HOME=/cargo-home" "-e" "RUSTUP_HOME=/rustup-home" "-m" "1536M" "--network" "none" "crater"`
Dec 03 09:20:50.619 INFO [stdout] d40d0aba50bb4d27ed0917814910534fb782b21f389078c6e1018af9ab4c1248
Dec 03 09:20:50.625 INFO running `"docker" "start" "-a" "d40d0aba50bb4d27ed0917814910534fb782b21f389078c6e1018af9ab4c1248"`
Dec 03 09:20:52.206 INFO [stderr] usermod: no changes
Dec 03 09:20:52.403 INFO [stderr]     Finished dev [unoptimized + debuginfo] target(s) in 0.17s
Dec 03 09:20:52.419 INFO [stderr]      Running /target/debug/deps/google_cloudshell1-ba41efaced67bbdb
Dec 03 09:20:52.423 INFO [stdout] 
Dec 03 09:20:52.423 INFO [stdout] running 0 tests
Dec 03 09:20:52.423 INFO [stdout] 
Dec 03 09:20:52.423 INFO [stdout] test result: ok. 0 passed; 0 failed; 0 ignored; 0 measured; 0 filtered out
Dec 03 09:20:52.423 INFO [stdout] 
Dec 03 09:20:52.423 INFO [stderr]    Doc-tests google-cloudshell1
Dec 03 09:20:59.138 INFO [stdout] 
Dec 03 09:20:59.138 INFO [stdout] running 9 tests
Dec 03 09:20:59.207 INFO [stdout] test src/lib.rs -  (line 49) ... ignored
Dec 03 09:21:08.763 INFO [stdout] test src/lib.rs - Empty (line 525) ... FAILED
Dec 03 09:21:51.430 INFO [stdout] test src/lib.rs - OperationListCall (line 1220) ... ok
Dec 03 09:21:52.499 INFO [stdout] test src/lib.rs - OperationGetCall (line 960) ... ok
Dec 03 09:21:53.251 INFO [stdout] test src/lib.rs - CloudShell (line 264) ... ok
Dec 03 09:21:53.365 INFO [stdout] test src/lib.rs - OperationCancelCall (line 1516) ... ok
Dec 03 09:21:53.511 INFO [stdout] test src/lib.rs - OperationMethods (line 558) ... ok
Dec 03 09:21:53.615 INFO [stdout] test src/lib.rs -  (line 82) ... ok
Dec 03 09:21:53.971 INFO [stdout] test src/lib.rs - OperationDeleteCall (line 707) ... ok
Dec 03 09:21:53.971 INFO [stdout] 
Dec 03 09:21:53.971 INFO [stdout] failures:
Dec 03 09:21:53.971 INFO [stdout] 
Dec 03 09:21:53.971 INFO [stdout] ---- src/lib.rs - Empty (line 525) stdout ----
Dec 03 09:21:53.971 INFO [stdout] error: expected one of `!`, `.`, `::`, `;`, `?`, `{`, `}`, or an operator, found `Foo`
Dec 03 09:21:53.971 INFO [stdout]  --> src/lib.rs:526:9
Dec 03 09:21:53.971 INFO [stdout]   |
Dec 03 09:21:53.971 INFO [stdout] 3 | service Foo {
Dec 03 09:21:53.971 INFO [stdout]   |         ^^^ expected one of 8 possible tokens here
Dec 03 09:21:53.971 INFO [stdout] 
Dec 03 09:21:53.971 INFO [stdout] error[E0425]: cannot find value `service` in this scope
Dec 03 09:21:53.971 INFO [stdout]  --> src/lib.rs:526:1
Dec 03 09:21:53.971 INFO [stdout]   |
Dec 03 09:21:53.971 INFO [stdout] 3 | service Foo {
Dec 03 09:21:53.971 INFO [stdout]   | ^^^^^^^ not found in this scope
Dec 03 09:21:53.971 INFO [stdout] 
Dec 03 09:21:53.971 INFO [stdout] thread 'src/lib.rs - Empty (line 525)' panicked at 'couldn't compile the test', librustdoc/test.rs:332:13
Dec 03 09:21:53.971 INFO [stdout] stack backtrace:
Dec 03 09:21:53.971 INFO [stdout]    0:     0x7f51aea2c90f - std::sys::unix::backtrace::tracing::imp::unwind_backtrace::h3a8b83e1922cbdde
Dec 03 09:21:53.971 INFO [stdout]                                at libstd/sys/unix/backtrace/tracing/gcc_s.rs:49
Dec 03 09:21:53.971 INFO [stdout]    1:     0x7f51aea11897 - std::sys_common::backtrace::print::h00d3155a29b4020f
Dec 03 09:21:53.971 INFO [stdout]                                at libstd/sys_common/backtrace.rs:71
Dec 03 09:21:53.971 INFO [stdout]                                at libstd/sys_common/backtrace.rs:59
Dec 03 09:21:53.971 INFO [stdout]    2:     0x7f51aea37cef - std::panicking::default_hook::{{closure}}::hd7465c742e79e1bb
Dec 03 09:21:53.971 INFO [stdout]                                at libstd/panicking.rs:211
Dec 03 09:21:53.971 INFO [stdout]    3:     0x7f51aea379ee - std::panicking::default_hook::h9e3966f2aa2a6e12
Dec 03 09:21:53.971 INFO [stdout]                                at libstd/panicking.rs:221
Dec 03 09:21:53.971 INFO [stdout]    4:     0x7f51b0bc2951 - rustc::util::common::panic_hook::h27965632b67fe74e
Dec 03 09:21:53.971 INFO [stdout]    5:     0x7f51aea384e6 - std::panicking::rust_panic_with_hook::h587f091ae747d080
Dec 03 09:21:53.971 INFO [stdout]                                at libstd/panicking.rs:480
Dec 03 09:21:53.971 INFO [stdout]    6:     0x56156f1e7b17 - std::panicking::begin_panic::hcef7ac517f7efe0f
Dec 03 09:21:53.971 INFO [stdout]                                at libstd/panicking.rs:410
Dec 03 09:21:53.971 INFO [stdout]    7:     0x56156f37bcc7 - <rustdoc::test::Collector as rustdoc::test::Tester>::add_test::{{closure}}::{{closure}}::{{closure}}::h1a7d462b7674a13e
Dec 03 09:21:53.971 INFO [stdout]                                at librustdoc/test.rs:332
Dec 03 09:21:53.971 INFO [stdout]                                at librustdoc/test.rs:596
Dec 03 09:21:53.971 INFO [stdout]    8:     0x56156f3311f8 - <scoped_tls::ScopedKey<T>>::set::h9a299037e2efdd79
Dec 03 09:21:53.971 INFO [stdout]                                at /cargo/registry/src/github.com-1ecc6299db9ec823/scoped-tls-0.1.2/src/lib.rs:155
Dec 03 09:21:53.971 INFO [stdout]                                at libsyntax/lib.rs:106
Dec 03 09:21:53.971 INFO [stdout]                                at /cargo/registry/src/github.com-1ecc6299db9ec823/scoped-tls-0.1.2/src/lib.rs:155
Dec 03 09:21:53.971 INFO [stdout]    9:     0x56156f135601 - syntax::with_globals::hc9a23e436a64729f
Dec 03 09:21:53.971 INFO [stdout]                                at libsyntax/lib.rs:105
Dec 03 09:21:53.971 INFO [stdout]   10:     0x56156f1e7dbb - std::panicking::try::do_call::hd95e3a92339aa7c0
Dec 03 09:21:53.971 INFO [stdout]                                at librustdoc/test.rs:593
Dec 03 09:21:53.971 INFO [stdout]                                at libstd/panic.rs:313
Dec 03 09:21:53.971 INFO [stdout]                                at libstd/panicking.rs:310
Dec 03 09:21:53.971 INFO [stdout]   11:     0x7f51aea45cd9 - __rust_maybe_catch_panic
Dec 03 09:21:53.972 INFO [stdout]                                at libpanic_unwind/lib.rs:102
Dec 03 09:21:53.972 INFO [stdout]   12:     0x56156f20af49 - rustc_driver::in_named_rustc_thread::h5d5326e5f9843b1f
Dec 03 09:21:53.972 INFO [stdout]                                at libstd/panicking.rs:289
Dec 03 09:21:53.972 INFO [stdout]                                at libstd/panic.rs:392
Dec 03 09:21:53.972 INFO [stdout]                                at librustc_driver/lib.rs:1546
Dec 03 09:21:53.972 INFO [stdout]   13:     0x56156f349eb0 - <F as alloc::boxed::FnBox<A>>::call_box::h85b70bbf522f8d35
Dec 03 09:21:53.972 INFO [stdout]                                at librustdoc/test.rs:593
Dec 03 09:21:53.972 INFO [stdout]                                at liballoc/boxed.rs:672
Dec 03 09:21:53.972 INFO [stdout]   14:     0x7f51b00a7022 - <F as alloc::boxed::FnBox<A>>::call_box::h37f4bb882553d58c
Dec 03 09:21:53.972 INFO [stdout]                                at libtest/lib.rs:1461
Dec 03 09:21:53.972 INFO [stdout]                                at liballoc/boxed.rs:672
Dec 03 09:21:53.972 INFO [stdout]   15:     0x7f51aea45cd9 - __rust_maybe_catch_panic
Dec 03 09:21:53.972 INFO [stdout]                                at libpanic_unwind/lib.rs:102
Dec 03 09:21:53.972 INFO [stdout]   16:     0x7f51b00cf462 - std::sys_common::backtrace::__rust_begin_short_backtrace::hb8f0d0309526c184
Dec 03 09:21:53.972 INFO [stdout]                                at libstd/panicking.rs:289
Dec 03 09:21:53.972 INFO [stdout]                                at libstd/panic.rs:392
Dec 03 09:21:53.972 INFO [stdout]                                at libtest/lib.rs:1423
Dec 03 09:21:53.972 INFO [stdout]                                at libstd/sys_common/backtrace.rs:136
Dec 03 09:21:53.972 INFO [stdout]   17:     0x7f51b00d0204 - std::panicking::try::do_call::hc2f7c8b9a348d8db
Dec 03 09:21:53.972 INFO [stdout]                                at libstd/thread/mod.rs:409
Dec 03 09:21:53.972 INFO [stdout]                                at libstd/panic.rs:313
Dec 03 09:21:53.972 INFO [stdout]                                at libstd/panicking.rs:310
Dec 03 09:21:53.972 INFO [stdout]   18:     0x7f51aea45cd9 - __rust_maybe_catch_panic
Dec 03 09:21:53.972 INFO [stdout]                                at libpanic_unwind/lib.rs:102
Dec 03 09:21:53.972 INFO [stdout]   19:     0x7f51b00b894c - <F as alloc::boxed::FnBox<A>>::call_box::h6bfded618e480b32
Dec 03 09:21:53.972 INFO [stdout]                                at libstd/panicking.rs:289
Dec 03 09:21:53.972 INFO [stdout]                                at libstd/panic.rs:392
Dec 03 09:21:53.972 INFO [stdout]                                at libstd/thread/mod.rs:408
Dec 03 09:21:53.972 INFO [stdout]                                at liballoc/boxed.rs:672
Dec 03 09:21:53.972 INFO [stdout]   20:     0x7f51aea32c9d - std::sys_common::thread::start_thread::h4c28257d67cdf9cb
Dec 03 09:21:53.972 INFO [stdout]                                at liballoc/boxed.rs:682
Dec 03 09:21:53.972 INFO [stdout]                                at libstd/sys_common/thread.rs:24
Dec 03 09:21:53.972 INFO [stdout]   21:     0x7f51aea084d5 - std::sys::unix::thread::Thread::new::thread_start::hfecb2e7eff8fd34f
Dec 03 09:21:53.972 INFO [stdout]                                at libstd/sys/unix/thread.rs:90
Dec 03 09:21:53.972 INFO [stdout]   22:     0x7f51ae5946b9 - start_thread
Dec 03 09:21:53.972 INFO [stdout]   23:     0x7f51ae0b441c - clone
Dec 03 09:21:53.972 INFO [stdout]   24:                0x0 - <unknown>
Dec 03 09:21:53.972 INFO [stdout] query stack during panic:
Dec 03 09:21:53.972 INFO [stdout] end of query stack
Dec 03 09:21:53.972 INFO [stdout] 
Dec 03 09:21:53.972 INFO [stdout] 
Dec 03 09:21:53.972 INFO [stdout] failures:
Dec 03 09:21:53.972 INFO [stdout]     src/lib.rs - Empty (line 525)
Dec 03 09:21:53.972 INFO [stdout] 
Dec 03 09:21:53.972 INFO [stdout] test result: FAILED. 7 passed; 1 failed; 1 ignored; 0 measured; 0 filtered out
Dec 03 09:21:53.972 INFO [stdout] 
Dec 03 09:21:53.987 INFO [stderr] error: test failed, to rerun pass '--doc'
Dec 03 09:21:53.991 INFO [stderr] su: No module specific data is present
Dec 03 09:21:55.055 INFO running `"docker" "inspect" "d40d0aba50bb4d27ed0917814910534fb782b21f389078c6e1018af9ab4c1248"`
Dec 03 09:21:55.400 INFO running `"docker" "rm" "-f" "d40d0aba50bb4d27ed0917814910534fb782b21f389078c6e1018af9ab4c1248"`
Dec 03 09:21:55.755 INFO [stdout] d40d0aba50bb4d27ed0917814910534fb782b21f389078c6e1018af9ab4c1248
